{"version":"1.0","provider_name":".::Agencia IP::.","provider_url":"https:\/\/www.ip.gov.py\/ip","title":"Discutir\u00e1n acciones para normalizar clases en escuelas ayoreas - .::Agencia IP::.","type":"rich","width":600,"height":338,"html":"<blockquote class=\"wp-embedded-content\" data-secret=\"eV48PS5mcm\"><a href=\"https:\/\/www.ip.gov.py\/ip\/2017\/10\/30\/discutiran-acciones-para-normalizar-clases-en-escuelas-ayoreas\/\">Discutir\u00e1n acciones para normalizar clases en escuelas ayoreas<\/a><\/blockquote><iframe sandbox=\"allow-scripts\" security=\"restricted\" src=\"https:\/\/www.ip.gov.py\/ip\/2017\/10\/30\/discutiran-acciones-para-normalizar-clases-en-escuelas-ayoreas\/embed\/#?secret=eV48PS5mcm\" width=\"600\" height=\"338\" title=\"\u00abDiscutir\u00e1n acciones para normalizar clases en escuelas ayoreas\u00bb \u2014 .::Agencia IP::.\" data-secret=\"eV48PS5mcm\" frameborder=\"0\" marginwidth=\"0\" marginheight=\"0\" scrolling=\"no\" class=\"wp-embedded-content\"><\/iframe><script type=\"text\/javascript\">\n\/* <![CDATA[ *\/\n\/*! This file is auto-generated *\/\n!function(d,l){\"use strict\";l.querySelector&&d.addEventListener&&\"undefined\"!=typeof URL&&(d.wp=d.wp||{},d.wp.receiveEmbedMessage||(d.wp.receiveEmbedMessage=function(e){var t=e.data;if((t||t.secret||t.message||t.value)&&!\/[^a-zA-Z0-9]\/.test(t.secret)){for(var s,r,n,a=l.querySelectorAll('iframe[data-secret=\"'+t.secret+'\"]'),o=l.querySelectorAll('blockquote[data-secret=\"'+t.secret+'\"]'),c=new RegExp(\"^https?:$\",\"i\"),i=0;i<o.length;i++)o[i].style.display=\"none\";for(i=0;i<a.length;i++)s=a[i],e.source===s.contentWindow&&(s.removeAttribute(\"style\"),\"height\"===t.message?(1e3<(r=parseInt(t.value,10))?r=1e3:~~r<200&&(r=200),s.height=r):\"link\"===t.message&&(r=new URL(s.getAttribute(\"src\")),n=new URL(t.value),c.test(n.protocol))&&n.host===r.host&&l.activeElement===s&&(d.top.location.href=t.value))}},d.addEventListener(\"message\",d.wp.receiveEmbedMessage,!1),l.addEventListener(\"DOMContentLoaded\",function(){for(var e,t,s=l.querySelectorAll(\"iframe.wp-embedded-content\"),r=0;r<s.length;r++)(t=(e=s[r]).getAttribute(\"data-secret\"))||(t=Math.random().toString(36).substring(2,12),e.src+=\"#?secret=\"+t,e.setAttribute(\"data-secret\",t)),e.contentWindow.postMessage({message:\"ready\",secret:t},\"*\")},!1)))}(window,document);\n\/\/# sourceURL=https:\/\/www.ip.gov.py\/ip\/wp-includes\/js\/wp-embed.min.js\n\/* ]]> *\/\n<\/script>\n","thumbnail_url":"https:\/\/www.ip.gov.py\/ip\/wp-content\/uploads\/2017\/10\/escuela-escolar-indigena-ni\u00f1o-educaci\u00f3n.jpg","thumbnail_width":1000,"thumbnail_height":666,"description":"Asunci\u00f3n, IP.- Este martes se conformar\u00e1 una mesa t\u00e9cnica para discutir acciones que permitan normalizar las clases en las escuelas comunitarias del Pueblo Ayoreo del departamento de Boquer\u00f3n, inform\u00f3 el Ministerio de Educaci\u00f3n y Ciencias (MEC)."}

Discutirán acciones para normalizar clases en escuelas ayoreas - .::Agencia IP::.

<blockquote class="wp-embedded-content" data-secret="eV48PS5mcm"><a href="https://www.ip.gov.py/ip/2017/10/30/discutiran-acciones-para-normalizar-clases-en-escuelas-ayoreas/">Discutirán acciones para normalizar clases en escuelas ayoreas</a></blockquote><iframe sandbox="allow-scripts" security="restricted" src="https://www.ip.gov.py/ip/2017/10/30/discutiran-acciones-para-normalizar-clases-en-escuelas-ayoreas/embed/#?secret=eV48PS5mcm" width="600" height="338" title="«Discutirán acciones para normalizar clases en escuelas ayoreas» — .::Agencia IP::." data-secret="eV48PS5mcm" frameborder="0" marginwidth="0" marginheight="0" scrolling="no" class="wp-embedded-content"></iframe><script type="text/javascript">
/* <![CDATA[ */
/*! This file is auto-generated */
!function(d,l){"use strict";l.querySelector&&d.addEventListener&&"undefined"!=typeof URL&&(d.wp=d.wp||{},d.wp.receiveEmbedMessage||(d.wp.receiveEmbedMessage=function(e){var t=e.data;if((t||t.secret||t.message||t.value)&&!/[^a-zA-Z0-9]/.test(t.secret)){for(var s,r,n,a=l.querySelectorAll('iframe[data-secret="'+t.secret+'"]'),o=l.querySelectorAll('blockquote[data-secret="'+t.secret+'"]'),c=new RegExp("^https?:$","i"),i=0;i<o.length;i++)o[i].style.display="none";for(i=0;i<a.length;i++)s=a[i],e.source===s.contentWindow&&(s.removeAttribute("style"),"height"===t.message?(1e3<(r=parseInt(t.value,10))?r=1e3:~~r<200&&(r=200),s.height=r):"link"===t.message&&(r=new URL(s.getAttribute("src")),n=new URL(t.value),c.test(n.protocol))&&n.host===r.host&&l.activeElement===s&&(d.top.location.href=t.value))}},d.addEventListener("message",d.wp.receiveEmbedMessage,!1),l.addEventListener("DOMContentLoaded",function(){for(var e,t,s=l.querySelectorAll("iframe.wp-embedded-content"),r=0;r<s.length;r++)(t=(e=s[r]).getAttribute("data-secret"))||(t=Math.random().toString(36).substring(2,12),e.src+="#?secret="+t,e.setAttribute("data-secret",t)),e.contentWindow.postMessage({message:"ready",secret:t},"*")},!1)))}(window,document);
//# sourceURL=https://www.ip.gov.py/ip/wp-includes/js/wp-embed.min.js
/* ]]> */
</script>

https://www.ip.gov.py/ip/wp-content/uploads/2017/10/escuela-escolar-indigena-niño-educación.jpg

Asunción, IP.- Este martes se conformará una mesa técnica para discutir acciones que permitan normalizar las clases en las escuelas comunitarias del Pueblo Ayoreo del departamento de Boquerón, informó el Ministerio de Educación y Ciencias (MEC).
